{"id":9,"date":"2019-02-09T14:04:11","date_gmt":"2019-02-09T13:04:11","guid":{"rendered":"http:\/\/michel-dunn.de\/?page_id=9"},"modified":"2025-01-17T22:15:03","modified_gmt":"2025-01-17T21:15:03","slug":"ueber-mich","status":"publish","type":"page","link":"https:\/\/michel-dunn.de\/?page_id=9","title":{"rendered":"\u00dcber mich"},"content":{"rendered":"\t\t<div data-elementor-type=\"wp-post\" data-elementor-id=\"9\" class=\"elementor elementor-9\">\n\t\t\t\t\t\t<section class=\"elementor-section elementor-top-section elementor-element elementor-element-51304cf7 elementor-section-boxed elementor-section-height-default elementor-section-height-default\" data-id=\"51304cf7\" data-element_type=\"section\">\n\t\t\t\t\t\t<div class=\"elementor-container elementor-column-gap-default\">\n\t\t\t\t\t<div class=\"elementor-column elementor-col-100 elementor-top-column elementor-element elementor-element-6987399a\" data-id=\"6987399a\" data-element_type=\"column\">\n\t\t\t<div class=\"elementor-widget-wrap elementor-element-populated\">\n\t\t\t\t\t\t<div class=\"elementor-element elementor-element-2596d705 elementor-widget elementor-widget-text-editor\" data-id=\"2596d705\" data-element_type=\"widget\" data-widget_type=\"text-editor.default\">\n\t\t\t\t<div class=\"elementor-widget-container\">\n\t\t\t\t\t\t\t\t\t<p>Ich bin Michel Dunn, ein echter, geb\u00fcrtiger Flensburger. W\u00e4hrend meiner Kindheit und Jugend habe ich einige Zeit in D\u00e4nemark und an verschiedenen Orten in Deutschland verbracht. Schon fr\u00fch habe ich ein Gef\u00fchl f\u00fcr die Sch\u00f6nheit der Natur entwickelt und bin mehr oder weniger dar\u00fcber zum Malen gekommen.<\/p>\n<p>Da es f\u00fcr mich zuerst nur Stifte und einen v\u00f6llig normalen Tuschkasten gab, war es das Ziel, hieraus das beste zu gestalten. Mit dem Alter kamen Ideen, und damit auch die Praxis. Die Ergebnisse lie\u00dfen sich sehen und ich war wirklich begeistert.&nbsp;<span style=\"font-size: 1rem;\">Dann kam eine Bekannte auf mich zu und schenkte mir ein P\u00e4ckchen mit \u00d6lfarben samt einem mit Leinen bespannten Keilrahmen.&nbsp;<\/span><span style=\"font-size: 1rem;\">Eine neue Welt \u00f6ffnete sich mir und ich merkte zunehmend, wie gro\u00df die Gestaltungsm\u00f6glichkeiten der Kunst sein k\u00f6nnen!<\/span><\/p>\n<p><span style=\"font-size: 1rem;\">Heute liebe ich es, verschiedene Farbsysteme intelligent miteinander zu kombinieren. So l\u00e4sst sich mit Acrylfarben z.B. ein guter Untergrund legen, auf welchem man mit \u00d6l in seinen schier grenzenlosen Anwendungsm\u00f6glichkeiten weiterarbeiten kann.&nbsp;<\/span><span style=\"font-size: 1rem;\">Auch das Experimentieren mit neuen Methoden und Kombinationen bereitet mir Freude und i<\/span><span style=\"font-size: 1rem;\">ch bin gespannt, was daraus noch entsteht.<\/span><\/p>\n<p>Sehr gepr\u00e4gt hat mich auch der Besuch einer gr\u00f6\u00dferen Ausstellung von Gerhard Richter. Mir wurde bewusst, wie wenig Grenzen einem K\u00fcnstler in der Kunst gesetzt sind (bzw. sein sollten) und dass zur Malerei auch ein wenig Mut geh\u00f6rt.&nbsp;Ich bin offen f\u00fcr den gewinnbringenden Dialog mit anderen K\u00fcnstlern und bei Fragen und Anregungen k\u00f6nnen Sie mich gerne anschreiben!<\/p>\n<p>Individuelle Auftr\u00e4ge nehme ich gerne an! Au\u00dferdem k\u00f6nnen Sie sich von mir auch ihr eigenes Motiv malen lassen.<span style=\"font-size: 1rem;\"><br><\/span><\/p>\n<p>Kontaktieren Sie mich doch einfach! \ud83d\ude09<\/p>\t\t\t\t\t\t\t\t<\/div>\n\t\t\t\t<\/div>\n\t\t\t\t\t<\/div>\n\t\t<\/div>\n\t\t\t\t\t<\/div>\n\t\t<\/section>\n\t\t\t\t<section class=\"elementor-section elementor-top-section elementor-element elementor-element-12cc82f elementor-section-boxed elementor-section-height-default elementor-section-height-default\" data-id=\"12cc82f\" data-element_type=\"section\">\n\t\t\t\t\t\t<div class=\"elementor-container elementor-column-gap-default\">\n\t\t\t\t\t<div class=\"elementor-column elementor-col-33 elementor-top-column elementor-element elementor-element-755eb74\" data-id=\"755eb74\" data-element_type=\"column\">\n\t\t\t<div class=\"elementor-widget-wrap elementor-element-populated\">\n\t\t\t\t\t\t<div class=\"elementor-element elementor-element-0ab9440 elementor-widget elementor-widget-heading\" data-id=\"0ab9440\" data-element_type=\"widget\" data-widget_type=\"heading.default\">\n\t\t\t\t<div class=\"elementor-widget-container\">\n\t\t\t\t\t<h2 class=\"elementor-heading-title elementor-size-default\">Kontakt<\/h2>\t\t\t\t<\/div>\n\t\t\t\t<\/div>\n\t\t\t\t\t<\/div>\n\t\t<\/div>\n\t\t\t\t<div class=\"elementor-column elementor-col-66 elementor-top-column elementor-element elementor-element-1c0d4e4\" data-id=\"1c0d4e4\" data-element_type=\"column\">\n\t\t\t<div class=\"elementor-widget-wrap elementor-element-populated\">\n\t\t\t\t\t\t<div class=\"elementor-element elementor-element-ec30738 elementor-widget elementor-widget-text-editor\" data-id=\"ec30738\" data-element_type=\"widget\" data-widget_type=\"text-editor.default\">\n\t\t\t\t<div class=\"elementor-widget-container\">\n\t\t\t\t\t\t\t\t\t<p><span style=\"color: #333333; font-family: 'Libre Franklin', 'Helvetica Neue', helvetica, arial, sans-serif;\">E-Mail: micheldunn100@gmail.com<\/span><\/p>\t\t\t\t\t\t\t\t<\/div>\n\t\t\t\t<\/div>\n\t\t\t\t\t<\/div>\n\t\t<\/div>\n\t\t\t\t\t<\/div>\n\t\t<\/section>\n\t\t\t\t<section class=\"elementor-section elementor-top-section elementor-element elementor-element-9e98f28 elementor-section-boxed elementor-section-height-default elementor-section-height-default\" data-id=\"9e98f28\" data-element_type=\"section\">\n\t\t\t\t\t\t<div class=\"elementor-container elementor-column-gap-wide\">\n\t\t\t\t\t<div class=\"elementor-column elementor-col-33 elementor-top-column elementor-element elementor-element-b6ebcb9\" data-id=\"b6ebcb9\" data-element_type=\"column\">\n\t\t\t<div class=\"elementor-widget-wrap\">\n\t\t\t\t\t\t\t<\/div>\n\t\t<\/div>\n\t\t\t\t<div class=\"elementor-column elementor-col-66 elementor-top-column elementor-element elementor-element-6ee4162\" data-id=\"6ee4162\" data-element_type=\"column\">\n\t\t\t<div class=\"elementor-widget-wrap elementor-element-populated\">\n\t\t\t\t\t\t<div class=\"elementor-element elementor-element-4dd7a37 e-grid-align-left elementor-shape-rounded elementor-grid-0 elementor-widget elementor-widget-social-icons\" data-id=\"4dd7a37\" data-element_type=\"widget\" data-widget_type=\"social-icons.default\">\n\t\t\t\t<div class=\"elementor-widget-container\">\n\t\t\t\t\t\t\t<div class=\"elementor-social-icons-wrapper elementor-grid\">\n\t\t\t\t\t\t\t<span class=\"elementor-grid-item\">\n\t\t\t\t\t<a class=\"elementor-icon elementor-social-icon elementor-social-icon-facebook elementor-repeater-item-e295606\" href=\"https:\/\/www.facebook.com\/Artistic-Gallery-by-Michel-Dunn-325002981690606\/\" target=\"_blank\">\n\t\t\t\t\t\t<span class=\"elementor-screen-only\">Facebook<\/span>\n\t\t\t\t\t\t\t\t\t\t\t\t\t<i class=\"fa fa-facebook\"><\/i>\n\t\t\t\t\t\t\t\t\t\t\t<\/a>\n\t\t\t\t<\/span>\n\t\t\t\t\t\t\t<span class=\"elementor-grid-item\">\n\t\t\t\t\t<a class=\"elementor-icon elementor-social-icon elementor-social-icon-instagram elementor-repeater-item-098e959\" href=\"https:\/\/www.instagram.com\/michel.dunn.100\" target=\"_blank\">\n\t\t\t\t\t\t<span class=\"elementor-screen-only\">Instagram<\/span>\n\t\t\t\t\t\t\t\t\t\t\t\t\t<i class=\"fa fa-instagram\"><\/i>\n\t\t\t\t\t\t\t\t\t\t\t<\/a>\n\t\t\t\t<\/span>\n\t\t\t\t\t<\/div>\n\t\t\t\t\t\t<\/div>\n\t\t\t\t<\/div>\n\t\t\t\t\t<\/div>\n\t\t<\/div>\n\t\t\t\t\t<\/div>\n\t\t<\/section>\n\t\t\t\t<section class=\"elementor-section elementor-top-section elementor-element elementor-element-c66d01f elementor-section-boxed elementor-section-height-default elementor-section-height-default elementor-invisible\" data-id=\"c66d01f\" data-element_type=\"section\" data-settings=\"{&quot;animation&quot;:&quot;fadeInLeft&quot;}\">\n\t\t\t\t\t\t<div class=\"elementor-container elementor-column-gap-default\">\n\t\t\t\t\t<div class=\"elementor-column elementor-col-33 elementor-top-column elementor-element elementor-element-da556f4\" data-id=\"da556f4\" data-element_type=\"column\">\n\t\t\t<div class=\"elementor-widget-wrap elementor-element-populated\">\n\t\t\t\t\t\t<div class=\"elementor-element elementor-element-604a248 elementor-widget elementor-widget-heading\" data-id=\"604a248\" data-element_type=\"widget\" data-widget_type=\"heading.default\">\n\t\t\t\t<div class=\"elementor-widget-container\">\n\t\t\t\t\t<h2 class=\"elementor-heading-title elementor-size-default\">Ich verwirkliche Ihren Traum!<\/h2>\t\t\t\t<\/div>\n\t\t\t\t<\/div>\n\t\t\t\t\t<\/div>\n\t\t<\/div>\n\t\t\t\t<div class=\"elementor-column elementor-col-66 elementor-top-column elementor-element elementor-element-e3f8aa6\" data-id=\"e3f8aa6\" data-element_type=\"column\">\n\t\t\t<div class=\"elementor-widget-wrap elementor-element-populated\">\n\t\t\t\t\t\t<div class=\"elementor-element elementor-element-c81228d elementor-arrows-position-inside elementor-pagination-position-outside elementor-widget elementor-widget-image-carousel\" data-id=\"c81228d\" data-element_type=\"widget\" data-settings=\"{&quot;navigation&quot;:&quot;both&quot;,&quot;autoplay&quot;:&quot;yes&quot;,&quot;pause_on_hover&quot;:&quot;yes&quot;,&quot;pause_on_interaction&quot;:&quot;yes&quot;,&quot;autoplay_speed&quot;:5000,&quot;infinite&quot;:&quot;yes&quot;,&quot;speed&quot;:500}\" data-widget_type=\"image-carousel.default\">\n\t\t\t\t<div class=\"elementor-widget-container\">\n\t\t\t\t\t\t\t<div class=\"elementor-image-carousel-wrapper swiper\" role=\"region\" aria-roledescription=\"carousel\" aria-label=\"Bild Karussell\" dir=\"ltr\">\n\t\t\t<div class=\"elementor-image-carousel swiper-wrapper\" aria-live=\"off\">\n\t\t\t\t\t\t\t\t<div class=\"swiper-slide\" role=\"group\" aria-roledescription=\"slide\" aria-label=\"1 von 8\"><figure class=\"swiper-slide-inner\"><img decoding=\"async\" class=\"swiper-slide-image\" src=\"https:\/\/michel-dunn.de\/wp-content\/uploads\/Quellen-im-Wald-Michel-Dunn-150x150.jpg\" alt=\"SPRINGS IN THE FOREST (2018)\" \/><\/figure><\/div><div class=\"swiper-slide\" role=\"group\" aria-roledescription=\"slide\" aria-label=\"2 von 8\"><figure class=\"swiper-slide-inner\"><img decoding=\"async\" class=\"swiper-slide-image\" src=\"https:\/\/michel-dunn.de\/wp-content\/uploads\/ShoreOahuHawaii-21.06.09-150x150.jpg\" alt=\"SHORE (2009)\" \/><\/figure><\/div><div class=\"swiper-slide\" role=\"group\" aria-roledescription=\"slide\" aria-label=\"3 von 8\"><figure class=\"swiper-slide-inner\"><img decoding=\"async\" class=\"swiper-slide-image\" src=\"https:\/\/michel-dunn.de\/wp-content\/uploads\/fish-MichelDunn01.2012-150x150.jpg\" alt=\"FISH (2012)\" \/><\/figure><\/div><div class=\"swiper-slide\" role=\"group\" aria-roledescription=\"slide\" aria-label=\"4 von 8\"><figure class=\"swiper-slide-inner\"><img decoding=\"async\" class=\"swiper-slide-image\" src=\"https:\/\/michel-dunn.de\/wp-content\/uploads\/Kater-MichelDunn14.01.2008-150x150.jpg\" alt=\"KATER (2008)\" \/><\/figure><\/div><div class=\"swiper-slide\" role=\"group\" aria-roledescription=\"slide\" aria-label=\"5 von 8\"><figure class=\"swiper-slide-inner\"><img decoding=\"async\" class=\"swiper-slide-image\" src=\"https:\/\/michel-dunn.de\/wp-content\/uploads\/RelaxingOcean-MichelDunn05.12-150x150.jpg\" alt=\"RELAXING OCEAN (2012)\" \/><\/figure><\/div><div class=\"swiper-slide\" role=\"group\" aria-roledescription=\"slide\" aria-label=\"6 von 8\"><figure class=\"swiper-slide-inner\"><img decoding=\"async\" class=\"swiper-slide-image\" src=\"https:\/\/michel-dunn.de\/wp-content\/uploads\/TigerAufDemWeg-MichelDunn2006-150x150.jpg\" alt=\"TIGER AUF DEM WEG (2006)\" \/><\/figure><\/div><div class=\"swiper-slide\" role=\"group\" aria-roledescription=\"slide\" aria-label=\"7 von 8\"><figure class=\"swiper-slide-inner\"><img decoding=\"async\" class=\"swiper-slide-image\" src=\"https:\/\/michel-dunn.de\/wp-content\/uploads\/Die-Hochzeit-f\u00fcr-die-Webseite-150x150.jpg\" alt=\"THE WEDDING (2018)\" \/><\/figure><\/div><div class=\"swiper-slide\" role=\"group\" aria-roledescription=\"slide\" aria-label=\"8 von 8\"><figure class=\"swiper-slide-inner\"><img decoding=\"async\" class=\"swiper-slide-image\" src=\"https:\/\/michel-dunn.de\/wp-content\/uploads\/MichelDunn-Docklands20241109-200x200.jpg\" alt=\"Docklands (2024)\" \/><\/figure><\/div>\t\t\t<\/div>\n\t\t\t\t\t\t\t\t\t\t\t\t<div class=\"elementor-swiper-button elementor-swiper-button-prev\" role=\"button\" tabindex=\"0\">\n\t\t\t\t\t\t<i aria-hidden=\"true\" class=\"eicon-chevron-left\"><\/i>\t\t\t\t\t<\/div>\n\t\t\t\t\t<div class=\"elementor-swiper-button elementor-swiper-button-next\" role=\"button\" tabindex=\"0\">\n\t\t\t\t\t\t<i aria-hidden=\"true\" class=\"eicon-chevron-right\"><\/i>\t\t\t\t\t<\/div>\n\t\t\t\t\n\t\t\t\t\t\t\t\t\t<div class=\"swiper-pagination\"><\/div>\n\t\t\t\t\t\t\t\t\t<\/div>\n\t\t\t\t\t\t<\/div>\n\t\t\t\t<\/div>\n\t\t\t\t\t<\/div>\n\t\t<\/div>\n\t\t\t\t\t<\/div>\n\t\t<\/section>\n\t\t\t\t<\/div>\n\t\t","protected":false},"excerpt":{"rendered":"<p>Ich bin Michel Dunn, ein echter, geb\u00fcrtiger Flensburger. W\u00e4hrend meiner Kindheit und Jugend habe ich einige Zeit in D\u00e4nemark und an verschiedenen Orten in Deutschland verbracht. Schon fr\u00fch habe ich ein Gef\u00fchl f\u00fcr die Sch\u00f6nheit der Natur entwickelt und bin mehr oder weniger dar\u00fcber zum Malen gekommen. Da es f\u00fcr mich zuerst nur Stifte und &hellip; <\/p>\n<p class=\"link-more\"><a href=\"https:\/\/michel-dunn.de\/?page_id=9\" class=\"more-link\"><span class=\"screen-reader-text\">\u201e\u00dcber mich\u201c<\/span> weiterlesen<\/a><\/p>\n","protected":false},"author":1,"featured_media":119,"parent":0,"menu_order":0,"comment_status":"closed","ping_status":"closed","template":"","meta":{"footnotes":""},"class_list":["post-9","page","type-page","status-publish","has-post-thumbnail","hentry"],"_links":{"self":[{"href":"https:\/\/michel-dunn.de\/index.php?rest_route=\/wp\/v2\/pages\/9","targetHints":{"allow":["GET"]}}],"collection":[{"href":"https:\/\/michel-dunn.de\/index.php?rest_route=\/wp\/v2\/pages"}],"about":[{"href":"https:\/\/michel-dunn.de\/index.php?rest_route=\/wp\/v2\/types\/page"}],"author":[{"embeddable":true,"href":"https:\/\/michel-dunn.de\/index.php?rest_route=\/wp\/v2\/users\/1"}],"replies":[{"embeddable":true,"href":"https:\/\/michel-dunn.de\/index.php?rest_route=%2Fwp%2Fv2%2Fcomments&post=9"}],"version-history":[{"count":63,"href":"https:\/\/michel-dunn.de\/index.php?rest_route=\/wp\/v2\/pages\/9\/revisions"}],"predecessor-version":[{"id":490,"href":"https:\/\/michel-dunn.de\/index.php?rest_route=\/wp\/v2\/pages\/9\/revisions\/490"}],"wp:featuredmedia":[{"embeddable":true,"href":"https:\/\/michel-dunn.de\/index.php?rest_route=\/wp\/v2\/media\/119"}],"wp:attachment":[{"href":"https:\/\/michel-dunn.de\/index.php?rest_route=%2Fwp%2Fv2%2Fmedia&parent=9"}],"curies":[{"name":"wp","href":"https:\/\/api.w.org\/{rel}","templated":true}]}}